se 9*o - 7*o - 51*o = 441. Let k(r) = 2*r + 11. Give k(o).
-7
Let v(x) = 5*x - 86*x**3 - 7 + 9*x**2 + 177*x**3 - 90*x**3. What is v(-8)?
17
Let s be -30*((-4890)/(-340) - 2/(-17)). Let j = -435 - s. Let f(k) = -k**3 - k**2 + 1. What is f(j)?
1
Suppose -8 = -5*y + 2. Suppose -3*o = 2*u - 7*u - 13, 0 = 2*o + y*u + 2. Let p be o + -3 - 88/(-11). Let r(i) = -i**3 + 7*i**2 - 7*i - 8. Give r(p).
-14
Let n(g) = -81*g - 15 + 39*g + 54*g. What is n(6)?
57
Let g(z) = -1 + 6 - 172*z - 1 + 174*z. What is g(-4)?
-4
Let f(y) = -3*y + 20. Let d(i) = -10*i - 4 + 11*i - 6 + 3. Let z(m) = -11*d(m) - 4*f(m). What is z(-8)?
-11
Let g(z) be the second derivative of -2*z**3 - z**2/2 + 3551*z. Calculate g(-6).
71
Let q(l) be the first derivative of l**5/60 + l**4/24 - l**3/3 + l**2 + 49*l - 30. Let s(g) be the second derivative of q(g). What is s(-3)?
4
Suppose 13 = m + 18. Let t(b) = -17*b - 2. Calculate t(m).
83
Suppose j = -12 + 2. Let b(k) be the third derivative of -k**4/24 - 19*k**3/6 + 37*k**2 - k. Give b(j).
-9
Let m be 5310/(-20)*8/(-18). Let j(k) = -4 - 59*k**3 - 6*k + m*k**3 + k**2 + 2*k**2 - 58*k**3. Calculate j(-4).
4
Suppose 0 = 1075*y - 1048*y - 270. Let k(j) be the second derivative of 0 + 1/3*j**3 - y*j + 2*j**2. Calculate k(-6).
-8
Let b(s) = s**3 - 14*s**2 - 53*s + 29. Let i be b(17). Let v(a) = a**3 + 3*a**2 - 6*a - 11. Give v(i).
-31
Let b(i) = 3*i**2 - 47*i - 10. Let l = -1760 + 1776. Give b(l).
6
Suppose 27*m - 5 = 26*m. Let s = 72 - 72. Let u(v) = -8 + 8*v + v - 8*v + s*v. Give u(m).
-3
Let n(d) be the third derivative of 1/3*d**3 - 1/60*d**5 + 1/8*d**4 + 3*d**2 + 0 + 0*d. Suppose 23*p = -99848 + 99917. Give n(p).
2
Let n(o) = 201*o - 6839. Let g be n(34). Let u(t) = 0 + 1 + t + 0. Let m(h) = -2*h - 1. Let s(v) = -5*m(v) - 5*u(v). Determine s(g).
-25
Let o = 746 - 762. Let k(i) = 5*i - 17. What is k(o)?
-97
Let x(h) = 4 + 283*h + 280*h - 835*h + 271*h. Give x(10).
-6
Let l(h) = 13*h**2 - 9*h - 18. Let n(t) = -18*t**2 + 13*t + 28. Let o(v) = 7*l(v) + 5*n(v). Give o(-4).
22
Let k be -6 - (-10)/(-9 - 1)*-7. Let x(b) = -10*b**3 + 3*b - 3. Give x(k).
-10
Let h(i) = -50 + 191 + 2*i - 55 - 45 - 47. Give h(9).
12
Let v(s) = 7*s**2 - 3*s + 1. Suppose 0 = -x - 3*x - 2*h + 40, 0 = -2*h + 4. Suppose -3*j + x = 3. Calculate v(j).
23
Let o be (-14 - -12) + -1*12/(-3). Let n(w) = -2 + 0*w**2 - 49*w**3 - w - 53*w**3 + o*w**2 + 101*w**3. Let u be (1/2)/((-2)/(-8)). Give n(u).
-4
Let v be (-96)/(-48)*(10/(-4) + -1). Let f(u) = 483*u + 1 + 2 - 482*u - 5. Calculate f(v).
-9
Let s be 1/7*(-3)/(-40)*4095/1053. Let u(c) be the third derivative of s*c**4 - 23*c**2 + 5/6*c**3 + 0 + 0*c. Calculate u(0).
5
Suppose -26*s = -11*s - 15. Let o(j) be the third derivative of 3*j**6/40 - j**4/12 + j**3/6 + j**2 - 10. Calculate o(s).
8
Suppose 2*m + 4 = -3*v, v + 0*v + 4*m + 8 = 0. Suppose 2*g + 11 - 41 = v. Suppose 3*r + 2*r + 25 = -i, 3*r + g = 5*i. Let z(d) = -2*d - 7. Determine z(r).
3
Let w(v) = -v**2 - 8*v + 2. Let b = 15 + 14. Let f(a) = -a**2 + 28*a + 19. Let r be f(b). Calculate w(r).
-18
Let o(i) = -i**3 - 6*i**2 - 7*i + 1. Let y be o(-2). Let p(l) = -3*l**2 - l + 6. Let g(n) = -n**2 + n + 2. Let h(d) = y*p(d) + 4*g(d). Calculate h(6).
-4
Let d(k) = 23*k**2 - 18*k - 2. Let b(o) = 20*o**2 - 17*o - 2. Let r(p) = -7*b(p) + 6*d(p). Let w be r(6). Let y(l) = -l - 1. Calculate y(w).
3
Suppose 4*z + 5*g + 37 = 0, 6*z - 10 = z + 5*g. Let w(f) = 8*f + 4 - 20*f + f + f - 2*f + 8*f. Give w(z).
16
Let g(b) = 7*b**2 + 11*b. Let m(c) = 7*c**2 - 200*c - 89. Let u be m(29). What is g(u)?
6
Let r(m) = -15*m + 194. Let k(i) = -8*i + 98. Let l(p) = -9*k(p) + 4*r(p). Calculate l(9).
2
Let h = 157 - 156. Let l be 3 - (-5 - -7) - (-2)/h. Let c(q) = q**3 - 4*q**2 + 3*q - 1. Give c(l).
-1
Suppose -4*k - k + 10 = 0. Suppose 0*c = -o + c + 8, -4*c - 7 = o. Let a(s) = -3 - k*s + 10 + 3 + o. Give a(10).
-5
Let f(v) = 2*v - 40 + 12*v + v**2 + 17*v - 33 - 5*v. Calculate f(-29).
14
Let p(i) = -i**3 - 5*i**2 - 7*i + 5. Let d = 1914 - 1918. What is p(d)?
17
Suppose 4*v + 16 = -4. Let u(o) = -12*o**2 - o**3 - o - 7 + 3*o**2 + 0*o - 2*o. Let y(i) = i**3 + 9*i**2 + 2*i + 8. Let w(c) = v*y(c) - 6*u(c). What is w(-8)?
2
Suppose 0 = -3*f - 6, -3*d - 2*f + 5*f - 9 = 0. Let q(s) be the third derivative of -s**6/120 - s**5/12 + s**4/12 + s**3/2 - 63*s**2. Determine q(d).
-7
Let t(q) = 4*q**3 - 4*q**2 + 3*q. Let d(h) = h**3 + 33*h**2 + 38*h - 57. Let u be d(-32). Let j = u + 251. Give t(j).
22
Let l(a) = 1 - 6*a - 1. Suppose -5*b + 5*z - 2041 = -2031, 2*z = b + 7. Determine l(b).
-18
Let b(h) = 6*h - 1. Suppose 5*c + 15 = 0, -6*d - 44 = -11*d + 3*c. Let o be d*-1 + 7 + -2 - -3. Determine b(o).
5
Let h = -63 + 30. Let x = -20 - h. Suppose -x = 4*g - 4*u + 3, 20 = 4*g + 5*u. Let n(z) = -z + 3. Give n(g).
3
Let m(t) = -9*t**2 - 6*t**2 + 21*t**2 - 3*t + 11*t - 2. Let p(n) = -3*n**2 - 3*n + 1. Let v(h) = 2*m(h) + 5*p(h). What is v(-1)?
-3
Let w(b) = 4*b**2 - 9*b**2 + 12*b**2 + 152*b + 3*b**2 + 2*b**3 - 3 - 145*b. What is w(-4)?
1
Let z be (-5 - -9 - -3) + 7 + 3 + -20. Let r(x) = 6*x**2 + 9*x + 1. Determine r(z).
28
Suppose 4*i + 5*d + 28 = 0, -i - 2*d - 7 = 3. Let k be (-9)/6 - 7/i. Suppose 3*j - 7 = z, -z = -4*z - k*j + 34. Let g(x) = -x**2 + 10*x + 4. Give g(z).
20
Let z(k) = -207*k + 2697. Let p be z(13). Let y(q) = -3*q**2 + 6*q - 2. Determine y(p).
-74
Let j(t) be the first derivative of -178 + 2*t - 1/2*t**2. Calculate j(6).
-4
Let j = -2 - -4. Let r be (1 - 2)/(j/(-6)). Let u(i) = -316*i - 51. Let c(n) = -396*n - 63. Let s(q) = 4*c(q) - 5*u(q). Give s(r).
-9
Suppose -4*x + 11 = -9. Suppose t - x = 0, 2*t + 9 - 20 = v. Let g(b) be the first derivative of -11*b**3/3 + b**2/2 - 120682. Calculate g(v).
-12
Let h(g) = -g**3 - g**2 + 2*g - 1. Let q = 98 - 76. Suppose 28 = -3*m + q. Calculate h(m).
-1
Let l(n) = -2*n + 4. Let d(q) = -q**2 + 21*q - 102. Let t be d(24). Let o = t + 174. Calculate l(o).
4
Let s = -4 + -2. Let j(w) = -22 - w + 31 - 8. Calculate j(s).
7
Let j(u) = -u**3 + 17*u**2 - 15*u - 13. Let k(p) = -9*p + 183. Let x be k(20). Let y be 194/10 - x - (-6)/(-15). Give j(y).
3
Let p(l) = 0*l - 10 + 9*l**2 + 3*l - 10334*l**3 + 10333*l**3. Determine p(9).
17
Let o(l) be the first derivative of 2/3*l**3 - 23 + 1/4*l**4 + 2*l**2 - l. Determine o(-2).
-9
Let s(t) = 2*t**2 + 1. Let f(g) = -3*g**2 - 3. Let i(m) = -2*f(m) - 5*s(m). Suppose 12 = -62*k + 74*k. Calculate i(k).
-3
Let l(j) = 4*j + 8. Let q = -699 + 831. Suppose 0 = 32*o - 54*o - q. Give l(o).
-16
Let w(l) = 3*l + 4. Let t(j) = j**3 - 11*j**2 + 27*j - 2. Suppose m - 4*u - 51 = -4*m, 2*m + 4*u + 2 = 0. Let c be t(m). What is w(c)?
-23
Let p(t) be the second derivative of 2*t + 1/2*t**2 + 1/6*t**3 + 0 + 5/6*t**4. Let u(j) = 16*j + 415. Let x be u(-26). What is p(x)?
10
Let s be 2/(-11) + (-158)/(-22). Let i be 2/2*4 - 14/2. Let q(l) = -l - 3. Let a(w) = 2*w + 3. Let h(u) = i*q(u) - 2*a(u). Give h(s).
-4
Let t(q) = q**3 - 5*q**2 + 9*q - 3. Let x = -522 - -524. Let s(n) = -2*n**3 + 4*n**2 - 9*n - 1. Let j(b) = x*s(b) + 3*t(b). Give j(-8).
-19
Let f(m) = -3*m - 8. Let t be 24/(-60) - (-4)/10. Suppose -4*j + q - 23 = t, -5*q = -4*j - 7*q - 14. Calculate f(j).
7
Let m(r) = 3*r**2 + 2*r + 4. Suppose 357 = 7*c + 371. Let g(v) = 2*v**2 + 2*v + 1. Let j(n) = c*g(n) + m(n). Let i be ((-2)/(-2))/((-1)/(-2)). Calculate j(i).
-6
Let t(l) be the first derivative of l**5/120 - 5*l**4/8 - 4*l**3 - 7*l**2/2 + 99. Let p(f) be the third derivative of t(f). Calculate p(9).
-6
Let o(j) = 6*j**2 - 116*j + 18. Let n(k) = -11*k**2 + 206*k - 37. Let m(f) = 5*n(f) + 9*o(f). Calculate m(-12).
1
Let z = 418 + -206. Let t = 219 - z. Let l(q) be the first derivative of q**2/2 - 13*q - 2. Determine l(t).
-6
Let k(u) = u**3 - 2*u + 2. Let o be (-168)/(-64) - 3 - 22/(-16). Let t be 2 - (-4 - (-5)/o)*0. Give k(t).
6
Let x(t) = 0*t - 10*t - 13*t + 53*t + 19 - 30. Give x(-3).
-101
Let n = -12 - -124. Suppose -105*g = -n*g - 14. Let u(r) = -2*r**2 + r + 1. Calculate u(g).
-9
Let t(f) = 3380*f - 20. Let d(q) = 1229*q - 7. Let y(b) = -11*d(b) + 4*t(b). Let x = 19 + -13. Determine y(x).
3
Let p(n) be the first derivative of 17*n + 1/2*n**2 - 27. Determine p(-7).
10
Suppose 12*f - 166 = -6*h - 82, 5*h + f - 43 = 0. Suppose 0 = -0*v + v - 7. Let r(m) = v + 5 + m - 4. What is r(h)?
16
Le